011?
10100
In base 12, what is 8 + -14?
-8
In base 15, what is 251 + -55?
1eb
In base 9, what is 701 - 5?
685
In base 4, what is 30 - 1132?
-1102
In base 15, what is -4 - 17?
-1b
In base 9, what is 5 + 34?
40
In base 6, what is 1 + -10?
-5
In base 16, what is c31 + 1?
c32
In base 16, what is e + -dd?
-cf
In base 2, what is 110 + 10?
1000
In base 4, what is 12 + 13221?
13233
In base 6, what is -4203 - -2?
-4201
In base 13, what is 29 + 1?
2a
In base 2, what is 110101000101101 - -10?
110101000101111
In base 6, what is -300 - 23?
-323
In base 11, what is -1 - -278?
277
In base 7, what is 0 + -5455?
-5455
In base 12, what is -13a - -17?
-123
In base 4, what is 221 - 2?
213
In base 14, what is 22a - -14?
240
In base 10, what is 2 - -1552?
1554
In base 15, what is -10 - 226?
-236
In base 4, what is -10 - -1033?
1023
In base 12, what is -1 + b3?
b2
In base 11, what is -3103 + 2?
-3101
In base 6, what is -3 + 12?
5
In base 14, what is 4 + -26?
-22
In base 12, what is 16a - 1?
169
In base 3, what is 2 - 200200?
-200121
In base 4, what is 120 + 31?
211
In base 16, what is 30 + -2?
2e
In base 13, what is -3a - 7?
-44
In base 10, what is -2 - -21?
19
In base 16, what is -2d3 - -f?
-2c4
In base 9, what is 37 - -2?
40
In base 10, what is 2 - 89?
-87
In base 9, what is 5 - -72?
77
In base 6, what is 3 + 3311?
3314
In base 11, what is -9 - 21?
-2a
In base 10, what is 15 - 19?
-4
In base 10, what is -19 - 71?
-90
In base 3, what is -10 + 10112200?
10112120
In base 10, what is -3 - 43?
-46
In base 3, what is 201 - 12?
112
In base 8, what is 2 + 550?
552
In base 8, what is 1 + -557?
-556
In base 16, what is -100 - -2?
-fe
In base 11, what is 628 - -a?
637
In base 16, what is -63 - -6?
-5d
In base 8, what is 0 - -3644?
3644
In base 15, what is -dd4 + 3?
-dd1
In base 7, what is 351 - -5?
356
In base 3, what is 12002000 + 12?
12002012
In base 12, what is -110 - 14?
-124
In base 14, what is -bc - -1c?
-a0
In base 11, what is -70 - 2?
-72
In base 13, what is 3 - -18?
1b
In base 15, what is 112 - 0?
112
In base 3, what is 1200 - -1?
1201
In base 11, what is -37 - -13?
-24
In base 8, what is 21 - -51?
72
In base 4, what is 10 + -1010?
-1000
In base 6, what is -1 + 40?
35
In base 10, what is -555 - -9?
-546
In base 10, what is -802 + 0?
-802
In base 15, what is 122 - b?
116
In base 15, what is -7 + -42?
-49
In base 13, what is 200 - -5?
205
In base 15, what is 1 + -37?
-36
In base 11, what is -1382 - -7?
-1376
In base 4, what is 1023111 - 2?
1023103
In base 10, what is 22025 + -3?
22022
In base 6, what is 3 - -10344?
10351
In base 11, what is 5 + 920?
925
In base 16, what is 4 - 8b?
-87
In base 6, what is -22 - -20300?
20234
In base 6, what is 21 + -203?
-142
In base 3, what is 111 - 1020?
-202
In base 3, what is 2 - -12020?
12022
In base 13, what is -18b0 - -3?
-18aa
In base 16, what is -5 - 80?
-85
In base 10, what is -5 - -847?
842
In base 8, what is -10 + 1?
-7
In base 6, what is -234 + -20?
-254
In base 3, what is -10 - -121021?
121011
In base 4, what is -12 + -113?
-131
In base 4, what is -233 + -1?
-300
In base 12, what is -19 - -38?
1b
In base 3, what is -200 + 2110?
1210
In base 9, what is -1271 - 8?
-1280
In base 7, what is -2532 + 4?
-2525
In base 8, what is -303 + 20?
-263
In base 10, what is -2 - 8263?
-8265
In base 9, what is -5 - 103?
-108
In base 6, what is 543 - -1?
544
In base 6, what is -3 - 3545?
-3552
In base 7, what is 35 + 520?
555
In base 7, what is 130104 + 3?
130110
In base 16, what is 18 - -e?
26
In base 8, what is 4 + 30?
34
In base 7, what is -34 + -656?
-1023
In base 11, what is -5 - -17?
12
In base 7, what is 110 - 26?
51
In base 16, what is 2e1 + -2?
2df
In base 9, what is -334 + -5?
-340
In base 15, what is 2d4 - 1?
2d3
In base 3, what is -2222 - -20110?
10111
In base 5, what is 21220 + 11?
21231
In base 3, what is -2 + -11102?
-11111
In base 6, what is -5005 + -1?
-5010
In base 5, what is -3 + 210?
202
In base 3, what is 11 + -1?
10
In base 16, what is -a5 + 5?
-a0
In base 9, what is 4 + 155?
160
In base 12, what is 43 - -47?
8a
In base 4, what is 123 - -3333?
10122
In base 7, what is 22260 + -3?
22254
In base 14, what is 149 + 2?
14b
In base 12, what is -679 - 1?
-67a
In base 13, what is 5 - -26?
2b
In base 4, what is 2123 - -2?
2131
In base 7, what is -5 - 130?
-135
In base 4, what is 0 + 23033?
23033
In base 11, what is 1305 + 0?
1305
In base 10, what is 22 + -1?
21
In base 9, what is 151 - 47?
103
In base 9, what is -65 + 35?
-30
In base 15, what is -1 - 47e?
-480
In base 7, what is 250 - 1?
246
In base 11, what is -2 - 488?
-48a
In base 15, what is -9 - -33?
29
In base 9, what is -2836 + 0?
-2836
In base 7, what is 143 + 5?
151
In base 9, what is -1 - 304?
-305
In base 12, what is 1 + -25?
-24
In base 7, what is 16 - 3?
13
In base 14, what is -1 + 13?
12
In base 15, what is 0 + -661?
-661
In base 15, what is -2330 - 4?
-2334
In base 3, what is 1 + -2111?
-2110
In base 12, what is 13a + 1?
13b
In base 11, what is -68 - -5?
-63
In base 16, what is -1 - 125c?
-125d
In base 4, what is -133131 - 0?
-133131
In base 2, what is 1111000 + -10?
1110110
In base 10, what is 1695 - 8?
1687
In base 16, what is -4 + 380?
37c
In base 2, what is 1011110 - -1010?
1101000
In base 7, what is 4 - 362?
-355
In base 7, what is -61 - -250?
156
In base 7, what is 656 + 4?
663
In base 11, what is -15a - 3?
-162
In base 10, what is -8 - -692?
684
In base 15, what is -21d + 2?
-21b
In base 12, what is 21 - -98?
b9
In base 12, what is -b45 - -11?
-b34
In base 7, what is 25210 + -5?
25202
In base 15, what is -38 - -1?
-37
In base 2, what is -101 + -10111100?
-11000001
In base 15, what is -d293 - 3?
-d296
In base 13, what is 46 + -5?
41
In base 2, what is -110 + -10100111010?
-10101000000
In base 11, what is -6a - 1?
-70
In base 7, what is 3 - 136?
-133
In base 12, what is 13 - 44?
-31
In base 16, what is 4 + 8c?
90
In base 16, what is 486 - -5?
48b
In base 12, what is -286b + -4?
-2873
In base 3, what is -20120 + 12?
-20101
In base 14, what is 1 + -2c37?
-2c36
In base 13, what is 9 - c7?
-bb
In base 4, what is -13200 - 10?
-13210
In base 10, what is -4 - -454?
450
In base 9, what is -11 + 8?
-2
In base 14, what is -49 + c?
-3b
In base 10, what is 3 - -209?
212
In base 5, what is 3113 + -32?
3031
In base 2, what is -110 - 110110?
-111100
In base 3, what is -2221 - -1?
-2220
In base 10, what is -3 - 3?
-6
In base 13, what is -c + -181?
-190
In base 15, what is 221 + -2?
21e
In base 9, what is 78 - 22?
56
In base 5, what is -124 - 3013?
-3142
In base 10, what is 15 - -242?
257
In base 16, what is -11 + 3d?
2c
In base 10, what is -29104 + 1?
-29103
In base 15, what is 2 + 82?
84
In base 11, what is -1820 + -5?
-1825
In base 7, what is 21 - 52?
-31
In base 4, what is 123020 - -11?
123031
In base 11, what is 0 + 1185?
1185
In base 10, what is -4 + 204?
200
In base 2, what is -1 + -1111111110110?
-1111111110111
In base 9, what is -877 + 5?
-872
In base 7, what is 24 + -34?
-10
In base 9, what is 2 + -5?
-3
In base 16, what is -5 + -a?
-f
In base 2, what is 1 + -1100011?
-1100010
In base 9, what is 8511 + 5?
8516
In base 7, what is -3406 - -2?
-3404
In base 2, what is -1000011110 - -101?
-1000011001
In base 14, what is -4 + -112?
-116
In base 16, what is 2 + -cd?
-cb
In base 12, what is 55b + 2?
561
In base 8, what is -5 - 23?
-30
In base 9, what is -2267 + -2?
-2270
In base 10, what is 2 - -16?
18
In base 11, what is 1 - -36?
37
In base 10, what is -11 + -4?
-15
In base 13, what is -74 + 2?
-72
In base 15, what is 6 - -77?
7d
In base 10, what is 208 + -50?
158
In base 8, what is -714 - 3?
-717
In base 2, what is -1 - -1101010?
1101001
In base 4, what is 30231 - -13?
30310
In base 4, what is 1103 + -12?
1031
In base 2, what is 101 + -110011?
-101110
In base 12, what is -142 + -4?
-146
In base 8, what is -114 + -31?
-145
In base 12, what is 5 + 109?
112
In base 3, what is -2001100 + 10?
-2001020
In base 7, what is 1 + -241?
-240
In base 2, what is -11 - 111?
-1010
In base 7, what is 30 - 11?
16
In base 13, what is -1 + -4a?
-4b
In base 4, what is 130323 - -11?
131000
In base 4, what is 22 + -21?
1
In base 10, what is -41 + -9?
-50
In base 10, what is 19 - -149?
168
In base 13, what is 0 + -1c?
-1c
In base 16, what is 1d5 - 17?
1be
In base 12, what is 1b92 + -1?
1b9